?
False
Is 40329857 composite?
True
Is 181091213 a prime number?
False
Is 14263521 composite?
True
Is 6933541 a composite number?
True
Is 52894367 composite?
True
Is 387831517 prime?
True
Is 63044363 prime?
True
Is 4299679 prime?
False
Is 9667459 composite?
False
Is 29773187 a composite number?
False
Is 621139 a composite number?
False
Is 1803493 a composite number?
False
Is 326357 composite?
True
Is 6170933 a prime number?
True
Is 1125333101 a composite number?
False
Is 17025511 composite?
False
Is 38693519 composite?
True
Is 6286903 prime?
False
Is 394861 a prime number?
True
Is 6070433 composite?
False
Is 4327949 composite?
True
Is 1005883 a composite number?
False
Is 10641557 a composite number?
False
Is 5267305 a composite number?
True
Is 14855617 prime?
False
Is 4087301 a prime number?
True
Is 28010053 a composite number?
False
Is 26513 a composite number?
False
Is 3719119 a composite number?
False
Is 534431 a prime number?
True
Is 26905357 composite?
True
Is 10004315 composite?
True
Is 285982417 prime?
False
Is 861691 prime?
True
Is 475011903 prime?
False
Is 87822419 composite?
False
Is 8190353 prime?
False
Is 8019265 composite?
True
Is 47466205 prime?
False
Is 9090623 prime?
True
Is 22580159 a prime number?
False
Is 652415045 a composite number?
True
Is 132929 composite?
False
Is 10217813 a prime number?
False
Is 39990389 a composite number?
False
Is 12569387 a composite number?
False
Is 9592823 a prime number?
False
Is 36701857 composite?
True
Is 543118799 prime?
True
Is 209687 prime?
True
Is 304162201 a composite number?
True
Is 502160619 composite?
True
Is 18895339 composite?
False
Is 104450447 prime?
True
Is 2257361 prime?
True
Is 52340161 a composite number?
True
Is 2078089 a prime number?
False
Is 168873079 a prime number?
True
Is 7024957 prime?
True
Is 992129 a composite number?
False
Is 36462089 prime?
False
Is 3358799 a composite number?
False
Is 461197 a prime number?
False
Is 24935233 composite?
True
Is 411491891 a prime number?
True
Is 859447 a prime number?
True
Is 603349 a composite number?
False
Is 175458739 prime?
True
Is 257727 a composite number?
True
Is 796867 a prime number?
True
Is 2858563 prime?
False
Is 25483387 a composite number?
False
Is 111758701 a prime number?
True
Is 8385863 prime?
True
Is 1949593 a composite number?
True
Is 50284613 composite?
False
Is 183331651 composite?
False
Is 36043451 a prime number?
False
Is 54982111 composite?
True
Is 35608409 prime?
False
Is 1159411 composite?
True
Is 447740219 composite?
True
Is 82252909 a prime number?
True
Is 31303219 a composite number?
True
Is 2151029 composite?
True
Is 79360859 composite?
True
Is 208876691 composite?
True
Is 3157327 a prime number?
False
Is 2594129 prime?
False
Is 395799889 composite?
False
Is 2869091 a prime number?
False
Is 26173981 prime?
True
Is 17664487 a composite number?
False
Is 4888361 composite?
True
Is 1944757 a prime number?
False
Is 586351 composite?
True
Is 20109893 prime?
True
Is 606721 prime?
True
Is 282509897 composite?
True
Is 8350831 prime?
True
Is 66507709 composite?
False
Is 10852921 a composite number?
False
Is 106248251 a prime number?
True
Is 45215879 composite?
False
Is 365969 a composite number?
False
Is 13406903 a prime number?
False
Is 3237791 a prime number?
False
Is 68521 a composite number?
False
Is 3797849 a composite number?
True
Is 38159659 composite?
False
Is 30454049 composite?
True
Is 27806833 a prime number?
True
Is 3652757 composite?
False
Is 1743869 composite?
False
Is 32910391 a composite number?
True
Is 43425923 composite?
False
Is 1410421 prime?
True
Is 317364083 composite?
False
Is 144910417 a prime number?
True
Is 59154683 a prime number?
False
Is 2564791 prime?
False
Is 12065953 composite?
True
Is 621254 composite?
True
Is 22724813 composite?
False
Is 110508461 composite?
True
Is 2616637 a composite number?
False
Is 3878639 prime?
False
Is 132338953 prime?
False
Is 74613613 a prime number?
True
Is 61386659 prime?
False
Is 45921787 a composite number?
True
Is 16500079 a prime number?
True
Is 6864038 a prime number?
False
Is 34494562 composite?
True
Is 308648789 a composite number?
False
Is 5905007 composite?
False
Is 807613211 a composite number?
False
Is 43930417 prime?
False
Is 20840459 composite?
False
Is 19919599 a composite number?
True
Is 406087631 prime?
False
Is 6868049 composite?
True
Is 33756703 composite?
False
Is 129603547 a prime number?
True
Is 9202477 a prime number?
True
Is 670443 composite?
True
Is 118663 prime?
False
Is 2458019 composite?
False
Is 278905045 prime?
False
Is 42745951 composite?
True
Is 30912551 prime?
False
Is 188750129 prime?
False
Is 615059869 composite?
True
Is 6159233 a prime number?
False
Is 1459517 a prime number?
True
Is 50416159 a composite number?
False
Is 409609 composite?
False
Is 88538413 composite?
True
Is 13740001 prime?
False
Is 10291391 composite?
True
Is 442363 composite?
False
Is 10403669 a prime number?
True
Is 597712655 a prime number?
False
Is 104722 a prime number?
False
Is 10372673 prime?
True
Is 500052529 composite?
True
Is 4363039 a prime number?
False
Is 517557281 prime?
False
Is 26793538 a composite number?
True
Is 65998223 composite?
True
Is 390511769 a composite number?
True
Is 20691731 composite?
True
Is 9877961 a composite number?
False
Is 1457783 a composite number?
False
Is 141664607 a prime number?
False
Is 6360341 composite?
True
Is 16098127 composite?
False
Is 570996851 a composite number?
False
Is 1623901 a prime number?
True
Is 3205789 composite?
False
Is 1570577 a prime number?
True
Is 43279249 a prime number?
False
Is 174227593 prime?
False
Is 599831 prime?
True
Is 104793877 a composite number?
True
Is 13244279 composite?
True
Is 30260281 prime?
True
Is 1118813 prime?
False
Is 373158437 prime?
False
Is 6371 a composite number?
True
Is 3801739 a composite number?
True
Is 59005981 prime?
False
Is 8660579 a composite number?
False
Is 749641 prime?
True
Is 1183933 prime?
True
Is 148215131 a prime number?
True
Is 2274037 a composite number?
True
Is 21456349 prime?
True
Is 361170251 a composite number?
True
Is 46701007 prime?
False
Is 4947317 a prime number?
False
Is 56245669 composite?
False
Is 17670881 prime?
False
Is 51562661 composite?
False
Is 188156597 a prime number?
True
Is 60507803 prime?
True
Is 223801351 a composite number?
True
Is 2025409 a prime number?
True
Is 273107 composite?
False
Is 3716267 prime?
False
Is 19980397 prime?
True
Is 146117459 a prime number?
False
Is 10047407 composite?
True
Is 13807933 a prime number?
False
Is 54930979 a prime number?
True
Is 47083453 composite?
False
Is 1659719 composite?
False
Is 191309507 composite?
False
Is 47744371 prime?
False
Is 18222287 composite?
False
Is 6188113 a composite number?
False
Is 3850387 prime?
True
Is 2493395 composite?
True
Is 12566347 a composite number?
True
Is 21338549 prime?
False
Is 16306747 composite?
True
Is 2895323 prime?
True
Is 9437231 a composite number?
False
Is 11612617 a composite number?
True
Is 1543727509 a prime number?
True
Is 2990123 a prime number?
True
Is 50419 a composite number?
True
Is 33292577 prime?
True
Is 2575417 a composite number?
True
Is 103192253 a composite number?
True
Is 540047 composite?
True
Is 114627251 a composite number?
False
Is 3502433 a composite number?
True
Is 17556101 prime?
False
Is 31424021 a prime number?
False
Is 17685611 prime?
True
Is 5780219 prime?
True
Is 5855093 a composite number?
False
Is 2417869 a composite number?
True
Is 269606269 a composite number?
True
Is 1996319 composite?
True
Is 393667 a prime number?
True
Is 29782163 a prime number?
True
Is 88158839 composite?
True
Is 71951809 a composite number?
False
Is 11526355 a prime number?
False
Is 250321 a composite number?
True
Is 345541 prime?
False
Is 165931 a prime number?
True
Is 9239513 prime?
True
Is 1032343 a composite number?
True
Is 26224405 composite?
True
Is 11151629 a composite number?
True
Is 6308881 a composite number?
False
Is 12722041 a prime number?
True
Is 55907 a prime number?
False
Is 18971753 prime?
False
Is 18563851 a composite number?
False
Is 1406983 a composite number?
False
Is 34401821 prime?
True
Is 2462939 a prime number?
True
Is 3486061 a composite number?
True
Is 1437745 prime?
False
Is 107237741 prime?
False
Is 4670